- 7. Let c(s) = -s**2 + 7*s + 11. Let f be c(y). Calculate the greatest common divisor of f and n.
11
Let g(q) = 8*q - 11. Let l be g(4). Suppose 3*y - l - 12 = 0. Suppose 179 = 4*m - 41. Calculate the highest common factor of m and y.
11
Let m(b) = 4*b - 2. Let k(o) = 4*o - 3. Let n(j) = -5*k(j) + 4*m(j). Let a be n(-5). What is the highest common divisor of 9 and a?
9
Suppose 934 = 5*g - g + 2*f, -4*g = f - 933. Let r be g/3 + (4/(-6) - 0). Calculate the highest common factor of 7 and r.
7
Suppose -6*y + 3782 = 1022. What is the greatest common factor of y and 20?
20
Suppose 8*q + 200 = 13*q. What is the greatest common factor of 10 and q?
10
Suppose 540*a + 176 = 544*a. Calculate the greatest common factor of 352 and a.
44
Suppose 0 = -2*p + 3*s - 11 + 45, 3*s + 6 = 0. Calculate the highest common factor of p and 413.
7
Let y(p) = -p**3 + 12*p**2 - 26*p - 5. Let v be y(8). Calculate the greatest common factor of 387 and v.
43
Suppose 0 = 2*j - 9 - 9. Let x be (-2)/(921/(-309) + 3). Let b = x - -184. What is the highest common factor of j and b?
9
Let n be (30 - -2) + -7 + -3. Let q be 2*1*(3 + 8). Calculate the greatest common divisor of q and n.
22
Let u(l) = 10*l**3 + 2*l**2 - 6*l + 10. Let b be u(3). What is the greatest common divisor of b and 35?
35
Let j be 404/12 + 2*4/6. Suppose 4*l = 3*l. Suppose q + 4*q - 15 = l, 3*o - 2*q = 36. Calculate the highest common factor of o and j.
7
Let o be -35*(-42)/(-9)*102/(-85). What is the greatest common divisor of 28 and o?
28
Let f be -30*((-6)/9 + (-21)/(-18)). Let c be f/(-3 - 2) + 39. What is the highest common divisor of c and 6?
6
Suppose -487 = 3*a - 526. Calculate the highest common divisor of a and 611.
13
Let r(o) = 78*o + 16. Let m be r(5). What is the greatest common factor of m and 28?
14
Let v be ((-10)/(-3))/((-4)/(-12)). Suppose -5 - v = l. Let y(m) = m**3 + 15*m**2 - 3*m - 16. Let z be y(l). Calculate the highest common divisor of 319 and z.
29
Let m be (-61938)/(-15) + 6/(-5). Calculate the greatest common divisor of 48 and m.
48
Let x = -18 - 8. Let g = x + 28. What is the greatest common divisor of 14 and g?
2
Let w(v) = 0*v + 1 - 3*v + 0 + 4*v. Let y = 3 - -2. Let d be w(y). Calculate the highest common divisor of d and 24.
6
Suppose 0 = 4*f - 23 + 15. Suppose 36 = 2*j + 3*g, -4*j = -f*j - 4*g - 8. What is the greatest common divisor of 108 and j?
12
Let b be -32 + 61 - 2*-1 - 3. What is the highest common divisor of b and 91?
7
Suppose -8 = -y - 2*u - 2*u, u = -2*y + 9. Suppose -8*b + 6*b + 8 = 0, 0 = -2*x + 3*b - 8. What is the greatest common factor of y and x?
2
Let x = -349 + 350. Let c = 2 + -1. What is the greatest common divisor of x and c?
1
Let k = 15 + -13. Suppose 0 = 4*q - k*z - 654, 3*q - 2*q - 153 = 4*z. Calculate the highest common factor of 15 and q.
15
Suppose -2*u - 56 = -4*s - 764, 3*s = 4*u - 1401. Suppose 4*j - u = -4*w, -3*w = 3*j - 7*w - 268. Calculate the highest common factor of j and 66.
22
Let b = -18 + -71. Let t = 164 + b. What is the greatest common divisor of t and 25?
25
Let y be 21/(-6)*(-3 + 4/4). What is the highest common divisor of y and 1?
1
Suppose -3*p + 25 = 3*b - 5, 40 = b - 5*p. What is the highest common factor of 285 and b?
15
Suppose -6*h - 5 = -59. Suppose h*r - 37 = 665. Suppose -5*i + r = f, 5*i - 24 = 3*i - 4*f. Calculate the highest common factor of 2 and i.
2
Let t be -34 + -1 + (0 - -2). Let j be (-204)/t - 2/11. Suppose -j*d + 5*d + 60 = 0. Calculate the greatest common divisor of 24 and d.
12
Let z(a) = 2*a**2 + 6*a + 13. Let u(h) = h**2 + 7*h + 7. Let i be u(-4). Let g be z(i). What is the greatest common factor of 3 and g?
3
Let t = 133 + -128. Suppose 135 = -t*f + 220. Calculate the greatest common divisor of f and 187.
17
Suppose -3*z - 2*o + 1196 = 0, -255 + 639 = z - 3*o. Suppose 4*f - 396 = -b, 4*b = -4*f - 0*b + z. What is the greatest common divisor of 22 and f?
11
Let g = 25 + -23. Suppose g*v + 162 = 5*v. What is the highest common divisor of v and 27?
27
Let v be 4008/34 - 40/(-340). What is the greatest common divisor of v and 177?
59
Let t be (-245)/(-14) + 1/2. Calculate the greatest common divisor of 198 and t.
18
Let z = -58 - 105. Let y = 175 + z. What is the greatest common divisor of 24 and y?
12
Let y = 3379 + -1273. Calculate the greatest common divisor of y and 78.
78
Let y be (6 - 4)*119/2. What is the highest common factor of 17 and y?
17
Suppose -70*z + 67*z + 480 = 0. Calculate the highest common divisor of z and 360.
40
Let s be ((-50)/(-30))/(2/30). Suppose -s = 19*r - 24*r. Let v be 7 - 5*r/25. What is the greatest common factor of v and 6?
6
Let p(h) = h**2 - 5*h + 2. Let z(q) = 3*q**2 + 44*q - 10. Let a be z(-15). Let i be p(a). What is the highest common divisor of i and 8?
2
Let n = 32 + -17. Suppose -4*m + 5 = -n. Suppose 4*z - 5*z = -m*h + 126, z = h - 26. Calculate the highest common divisor of 125 and h.
25
Suppose 88*y = 93*y - r - 98, 5*y = 4*r + 92. Calculate the highest common divisor of y and 95.
5
Let l be (40 - 41)/(3/(-1650)). Calculate the highest common factor of l and 200.
50
Let b be (-2 + (-9)/6)*2. Let g be ((-952)/b)/((-2)/(-3)). Suppose 4*s + 2*p = g, 0 = 2*s + 3*p - p - 104. What is the highest common factor of s and 75?
25
Let i be -2*2*(-49)/2. Suppose -9*g - 14 = -10*g. Calculate the greatest common factor of g and i.
14
Suppose -4*y - 8*y + 264 = 0. What is the greatest common divisor of y and 77?
11
Let q(n) = 10*n + 24. Suppose o = 5*y + 4*o + 12, 0 = -y + 5*o + 20. Let i be q(y). What is the greatest common divisor of i and 108?
12
Let h = 773 - 709. What is the highest common divisor of h and 4?
4
Let d(y) = -y**2 + y + 14. Let j be d(4). Suppose 720 = 2*n + j*n. What is the greatest common divisor of n and 36?
36
Let g = -531 + 588. Calculate the highest common factor of 1653 and g.
57
Suppose 27*u - 34*u = 0. Suppose 10*c - 15*c + 150 = u. What is the highest common divisor of 12 and c?
6
Let n be ((-6)/4)/(7/(-98)). Let q be (-3)/6*-22 - (2 + 2). What is the greatest common divisor of n and q?
7
Let b(f) = f - 15. Let c be b(13). Let t be 7 + ((-6)/3 - c). Suppose 0 = -5*u + 15, -3 = q - 3*u - 1. Calculate the greatest common divisor of q and t.
7
Suppose 4*d = -5*j - 5, -5*j = 2*d + d + 5. Let z = 63 + d. Suppose 4*c = -l - 0*c + 17, 5*c = -l + 19. What is the greatest common factor of l and z?
9
Let h = -5 - 4. Let t be (-2)/(-12)*-2*h. What is the greatest common factor of t and 24?
3
Let a = -125 + 62. Let k = a - -114. Suppose 3*t - 51 = k. What is the highest common divisor of t and 85?
17
Suppose n - 402 = v, 5*n + v - 2015 = 5*v. What is the highest common factor of n and 37?
37
Let x(a) = a**2 - 7*a - 30. Let j be x(10). Suppose h + 4*o - 2*o - 33 = 0, -2*h - o + 51 = j. What is the greatest common divisor of h and 253?
23
Suppose 3*h + 14 = 4*h. Suppose -h = -5*k - m + 4, 5*k = 5*m. Suppose w + 37 = 5*j, -k*j - 5*w = j - 18. Calculate the highest common factor of 7 and j.
7
Let t be 12/(-21) + 380/28. Let v = 43 - 17. What is the highest common factor of t and v?
13
Let i(y) = -y**3 + 42*y**2 - 75*y - 16. Let a be i(40). Calculate the highest common divisor of 138 and a.
46
Let k = 7 - 5. Suppose -k*y + 6 = w - 19, -2*w + 60 = 5*y. Let t(c) = 5*c + 20. Let j be t(10). Calculate the highest common divisor of j and y.
10
Let i be 40/(-30)*(-2 + -1). Suppose i*k - 4 = 36. Calculate the highest common factor of 30 and k.
10
Let c(d) = d**3 - d**2 + 6. Let m be c(0). Let k(g) = -31*g + 1. Let l be k(-4). Suppose 37 = 3*o - l. Calculate the highest common divisor of o and m.
6
Suppose 5*y = -3*i - 34, 4*y = 3*i - 5*i - 26. Let v be 80/(-15)*i/2. Suppose 0 = 5*n - 105 - 175. Calculate the highest common factor of n and v.
8
Let f = -18 - -14. Let t be -5*(-2)/f*-12. What is the highest common divisor of 10 and t?
10
Let y be 2/1 + 91 + -5. Suppose 0 = 5*m + 3 - y. Let v be 3 + ((-42)/(-8))/(39/104). What is the highest common divisor of m and v?
17
Let p be (106/4 - 2)*2. Let q = -43 + p. Suppose 212 = 3*c + c - 4*o, -5*c - 3*o = -225. What is the greatest common divisor of c and q?
6
Let q(i) = 121*i - 702. Let w be q(7). Let y(h) = -10*h - 1. Let p be y(-3). What is the greatest common divisor of w and p?
29
Let s be 3 - ((-4)/4 + 0) - 221. Let